{"id":455,"date":"2026-04-17T17:22:00","date_gmt":"2026-04-17T17:22:00","guid":{"rendered":"https:\/\/chocobakery.azdigi.shop\/?post_type=product&#038;p=455"},"modified":"2026-04-18T05:31:20","modified_gmt":"2026-04-18T05:31:20","slug":"ca-phe-pink-bourbon-colombia","status":"publish","type":"product","link":"https:\/\/chocobakery.azdigi.shop\/?product=ca-phe-pink-bourbon-colombia","title":{"rendered":"C\u00e0 Ph\u00ea Specialty Colombia Huila Zarza Pink Bourbon Plus Washed"},"content":{"rendered":"<h2 data-section-id=\"r1c17r\" data-start=\"482\" data-end=\"542\"><span role=\"text\"><strong data-start=\"485\" data-end=\"542\">C\u00e0 ph\u00ea Pink Bourbon Colombia \u2013 Tinh hoa t\u1eeb v\u00f9ng Huila<\/strong><\/span><\/h2>\n<p data-start=\"544\" data-end=\"660\">C\u00e0 ph\u00ea Pink Bourbon Colombia l\u00e0 d\u00f2ng c\u00e0 ph\u00ea \u0111\u1eb7c s\u1ea3n n\u1ed5i b\u1eadt. H\u1ea1t \u0111\u01b0\u1ee3c tr\u1ed3ng t\u1ea1i Huila, v\u00f9ng c\u00f3 \u0111\u1ed9 cao t\u1eeb 1500\u20131700m.<\/p>\n<p data-start=\"662\" data-end=\"758\">Nh\u1edd \u0111\u1ed9 cao l\u00fd t\u01b0\u1edfng, c\u00e2y c\u00e0 ph\u00ea ph\u00e1t tri\u1ec3n ch\u1eadm. H\u01b0\u01a1ng v\u1ecb v\u00ec th\u1ebf tr\u1edf n\u00ean ph\u1ee9c t\u1ea1p v\u00e0 r\u00f5 n\u00e9t h\u01a1n.<\/p>\n<p data-start=\"760\" data-end=\"878\">Gi\u1ed1ng Pink Bourbon n\u1ed5i ti\u1ebfng v\u1edbi profile h\u01b0\u01a1ng tinh t\u1ebf. \u0110\u00e2y l\u00e0 l\u1ef1a ch\u1ecdn \u0111\u01b0\u1ee3c nhi\u1ec1u ng\u01b0\u1eddi y\u00eau c\u00e0 ph\u00ea \u0111\u1eb7c s\u1ea3n \u01b0a chu\u1ed9ng.<\/p>\n<h2 data-section-id=\"eu39i3\" data-start=\"885\" data-end=\"943\"><span role=\"text\"><strong data-start=\"888\" data-end=\"943\">H\u01b0\u01a1ng v\u1ecb \u0111\u1eb7c tr\u01b0ng c\u1ee7a c\u00e0 ph\u00ea Pink Bourbon Colombia<\/strong><\/span><\/h2>\n<p data-start=\"945\" data-end=\"1060\">C\u00e0 ph\u00ea Pink Bourbon Colombia mang \u0111\u1ebfn c\u1ea3m gi\u00e1c thanh tho\u00e1t ngay t\u1eeb \u0111\u1ea7u. H\u01b0\u01a1ng peach t\u1ea1o n\u00ean v\u1ecb ng\u1ecdt d\u1ecbu v\u00e0 m\u1ec1m m\u1ea1i.<\/p>\n<p data-start=\"1062\" data-end=\"1166\">Ti\u1ebfp theo l\u00e0 strawberry v\u1edbi v\u1ecb tr\u00e1i c\u00e2y t\u01b0\u01a1i s\u00e1ng. N\u1ed1t floral xu\u1ea5t hi\u1ec7n nh\u1eb9 nh\u00e0ng, t\u1ea1o c\u1ea3m gi\u00e1c tinh t\u1ebf.<\/p>\n<p data-start=\"1168\" data-end=\"1277\">H\u1eadu v\u1ecb black tea gi\u00fap t\u1ed5ng th\u1ec3 tr\u1edf n\u00ean s\u1ea1ch v\u00e0 nh\u1eb9. Cranberry mang l\u1ea1i ch\u00fat chua thanh, c\u00e2n b\u1eb1ng l\u1ea1i v\u1ecb ng\u1ecdt.<\/p>\n<p data-start=\"1279\" data-end=\"1337\">T\u1ea5t c\u1ea3 h\u00f2a quy\u1ec7n t\u1ea1o n\u00ean m\u1ed9t ly c\u00e0 ph\u00ea h\u00e0i h\u00f2a v\u00e0 r\u00f5 r\u00e0ng.<\/p>\n<h2 data-section-id=\"i5glvf\" data-start=\"1344\" data-end=\"1402\"><span role=\"text\"><strong data-start=\"1347\" data-end=\"1402\">\u0110i\u1ec3m n\u1ed5i b\u1eadt t\u1eeb gi\u1ed1ng Pink Bourbon v\u00e0 s\u01a1 ch\u1ebf Washed<\/strong><\/span><\/h2>\n<p data-start=\"1404\" data-end=\"1485\">Pink Bourbon l\u00e0 gi\u1ed1ng c\u00e0 ph\u00ea c\u00f3 ch\u1ea5t l\u01b0\u1ee3ng cao. H\u1ea1t mang l\u1ea1i h\u01b0\u01a1ng v\u1ecb s\u00e1ng v\u00e0 r\u00f5.<\/p>\n<p data-start=\"1487\" data-end=\"1603\">Ph\u01b0\u01a1ng ph\u00e1p s\u01a1 ch\u1ebf washed gi\u00fap l\u00e0m s\u1ea1ch h\u1ea1t c\u00e0 ph\u00ea. Nh\u1edd \u0111\u00f3, c\u00e1c n\u1ed1t h\u01b0\u01a1ng tr\u00e1i c\u00e2y v\u00e0 hoa \u0111\u01b0\u1ee3c th\u1ec3 hi\u1ec7n r\u00f5 r\u00e0ng h\u01a1n.<\/p>\n<p data-start=\"1605\" data-end=\"1690\">S\u1ef1 k\u1ebft h\u1ee3p n\u00e0y t\u1ea1o n\u00ean ly c\u00e0 ph\u00ea thanh v\u00e0 tinh khi\u1ebft. H\u01b0\u01a1ng v\u1ecb kh\u00f4ng b\u1ecb l\u1eabn t\u1ea1p ch\u1ea5t.<\/p>\n<h2 data-section-id=\"s95v27\" data-start=\"1697\" data-end=\"1759\"><span role=\"text\"><strong data-start=\"1700\" data-end=\"1759\">Tr\u1ea3i nghi\u1ec7m ph\u00f9 h\u1ee3p v\u1edbi phong c\u00e1ch th\u01b0\u1edfng th\u1ee9c hi\u1ec7n \u0111\u1ea1i<\/strong><\/span><\/h2>\n<p data-start=\"1761\" data-end=\"1874\">C\u00e0 ph\u00ea Pink Bourbon Colombia ph\u00f9 h\u1ee3p v\u1edbi ng\u01b0\u1eddi th\u00edch h\u01b0\u01a1ng nh\u1eb9. Ly c\u00e0 ph\u00ea mang phong c\u00e1ch thanh, s\u00e1ng v\u00e0 d\u1ec5 u\u1ed1ng.<\/p>\n<p data-start=\"1876\" data-end=\"1978\">M\u1ee9c rang light roast gi\u00fap gi\u1eef tr\u1ecdn h\u01b0\u01a1ng t\u1ef1 nhi\u00ean. \u0110i\u1ec1u n\u00e0y l\u00e0m n\u1ed5i b\u1eadt r\u00f5 c\u00e1c n\u1ed1t tr\u00e1i c\u00e2y v\u00e0 floral.<\/p>\n<p data-start=\"1980\" data-end=\"2088\">S\u1ea3n ph\u1ea9m r\u1ea5t ph\u00f9 h\u1ee3p v\u1edbi c\u00e1c ph\u01b0\u01a1ng ph\u00e1p pha th\u1ee7 c\u00f4ng. \u0110\u1eb7c bi\u1ec7t l\u00e0 pour over \u0111\u1ec3 c\u1ea3m nh\u1eadn r\u00f5 t\u1eebng t\u1ea7ng h\u01b0\u01a1ng.<\/p>\n","protected":false},"excerpt":{"rendered":"<p>Th\u00f4ng tin v\u1ec1 h\u1ea1t:<\/p>\n<p>\u0110\u1ed9 cao | 1500 &#8211; 1700 masl<\/p>\n<p>Gi\u1ed1ng | Pink Bourbon |<\/p>\n<p>S\u01a1 ch\u1ebf | Washed |<\/p>\n<p>V\u00f9ng tr\u1ed3ng | Huila Colombia |<\/p>\n<p>C\u1ee1 rang | Light Roast<\/p>\n<p>Taste notes: | Peach, Strawberry, Floral, Black tea, Clanberry |<\/p>\n","protected":false},"featured_media":457,"comment_status":"open","ping_status":"closed","template":"","meta":[],"product_brand":[],"product_cat":[36],"product_tag":[],"class_list":{"0":"post-455","1":"product","2":"type-product","3":"status-publish","4":"has-post-thumbnail","6":"product_cat-columbia","8":"first","9":"instock","10":"shipping-taxable","11":"purchasable","12":"product-type-variable"},"yoast_head":"<!-- This site is optimized with the Yoast SEO plugin v27.1.1 - https:\/\/yoast.com\/product\/yoast-seo-wordpress\/ -->\n<title>C\u00e0 ph\u00ea Pink Bourbon Colombia \u2013 H\u01b0\u01a1ng \u0111\u00e0o, d\u00e2u v\u00e0 floral tinh t\u1ebf - Vietnamesecoffee<\/title>\n<meta name=\"description\" content=\"C\u00e0 ph\u00ea Pink Bourbon Colombia t\u1eeb Huila v\u1edbi h\u01b0\u01a1ng peach, strawberry, floral v\u00e0 h\u1eadu v\u1ecb black tea. Rang light roast, s\u01a1 ch\u1ebf washed, chu\u1ea9n c\u00e0 ph\u00ea \u0111\u1eb7c s\u1ea3n.\" \/>\n<meta name=\"robots\" content=\"index, follow, max-snippet:-1, max-image-preview:large, max-video-preview:-1\" \/>\n<link rel=\"canonical\" href=\"https:\/\/chocobakery.azdigi.shop\/?product=ca-phe-pink-bourbon-colombia\" \/>\n<meta property=\"og:locale\" content=\"vi_VN\" \/>\n<meta property=\"og:type\" content=\"article\" \/>\n<meta property=\"og:title\" content=\"C\u00e0 ph\u00ea Pink Bourbon Colombia \u2013 H\u01b0\u01a1ng \u0111\u00e0o, d\u00e2u v\u00e0 floral tinh t\u1ebf - Vietnamesecoffee\" \/>\n<meta property=\"og:description\" content=\"C\u00e0 ph\u00ea Pink Bourbon Colombia t\u1eeb Huila v\u1edbi h\u01b0\u01a1ng peach, strawberry, floral v\u00e0 h\u1eadu v\u1ecb black tea. Rang light roast, s\u01a1 ch\u1ebf washed, chu\u1ea9n c\u00e0 ph\u00ea \u0111\u1eb7c s\u1ea3n.\" \/>\n<meta property=\"og:url\" content=\"https:\/\/chocobakery.azdigi.shop\/?product=ca-phe-pink-bourbon-colombia\" \/>\n<meta property=\"og:site_name\" content=\"Vietnamesecoffee\" \/>\n<meta property=\"article:modified_time\" content=\"2026-04-18T05:31:20+00:00\" \/>\n<meta property=\"og:image\" content=\"https:\/\/chocobakery.azdigi.shop\/wp-content\/uploads\/2026\/04\/clbcf.jpg\" \/>\n\t<meta property=\"og:image:width\" content=\"800\" \/>\n\t<meta property=\"og:image:height\" content=\"800\" \/>\n\t<meta property=\"og:image:type\" content=\"image\/jpeg\" \/>\n<meta name=\"twitter:card\" content=\"summary_large_image\" \/>\n<meta name=\"twitter:label1\" content=\"\u01af\u1edbc t\u00ednh th\u1eddi gian \u0111\u1ecdc\" \/>\n\t<meta name=\"twitter:data1\" content=\"2 ph\u00fat\" \/>\n<script type=\"application\/ld+json\" class=\"yoast-schema-graph\">{\"@context\":\"https:\/\/schema.org\",\"@graph\":[{\"@type\":\"WebPage\",\"@id\":\"https:\/\/chocobakery.azdigi.shop\/?product=ca-phe-pink-bourbon-colombia\",\"url\":\"https:\/\/chocobakery.azdigi.shop\/?product=ca-phe-pink-bourbon-colombia\",\"name\":\"C\u00e0 ph\u00ea Pink Bourbon Colombia \u2013 H\u01b0\u01a1ng \u0111\u00e0o, d\u00e2u v\u00e0 floral tinh t\u1ebf - Vietnamesecoffee\",\"isPartOf\":{\"@id\":\"https:\/\/chocobakery.azdigi.shop\/#website\"},\"primaryImageOfPage\":{\"@id\":\"https:\/\/chocobakery.azdigi.shop\/?product=ca-phe-pink-bourbon-colombia#primaryimage\"},\"image\":{\"@id\":\"https:\/\/chocobakery.azdigi.shop\/?product=ca-phe-pink-bourbon-colombia#primaryimage\"},\"thumbnailUrl\":\"https:\/\/chocobakery.azdigi.shop\/wp-content\/uploads\/2026\/04\/clbcf.jpg\",\"datePublished\":\"2026-04-17T17:22:00+00:00\",\"dateModified\":\"2026-04-18T05:31:20+00:00\",\"description\":\"C\u00e0 ph\u00ea Pink Bourbon Colombia t\u1eeb Huila v\u1edbi h\u01b0\u01a1ng peach, strawberry, floral v\u00e0 h\u1eadu v\u1ecb black tea. Rang light roast, s\u01a1 ch\u1ebf washed, chu\u1ea9n c\u00e0 ph\u00ea \u0111\u1eb7c s\u1ea3n.\",\"breadcrumb\":{\"@id\":\"https:\/\/chocobakery.azdigi.shop\/?product=ca-phe-pink-bourbon-colombia#breadcrumb\"},\"inLanguage\":\"vi\",\"potentialAction\":[{\"@type\":\"ReadAction\",\"target\":[\"https:\/\/chocobakery.azdigi.shop\/?product=ca-phe-pink-bourbon-colombia\"]}]},{\"@type\":\"ImageObject\",\"inLanguage\":\"vi\",\"@id\":\"https:\/\/chocobakery.azdigi.shop\/?product=ca-phe-pink-bourbon-colombia#primaryimage\",\"url\":\"https:\/\/chocobakery.azdigi.shop\/wp-content\/uploads\/2026\/04\/clbcf.jpg\",\"contentUrl\":\"https:\/\/chocobakery.azdigi.shop\/wp-content\/uploads\/2026\/04\/clbcf.jpg\",\"width\":800,\"height\":800},{\"@type\":\"BreadcrumbList\",\"@id\":\"https:\/\/chocobakery.azdigi.shop\/?product=ca-phe-pink-bourbon-colombia#breadcrumb\",\"itemListElement\":[{\"@type\":\"ListItem\",\"position\":1,\"name\":\"Trang ch\u1ee7\",\"item\":\"https:\/\/chocobakery.azdigi.shop\/\"},{\"@type\":\"ListItem\",\"position\":2,\"name\":\"C\u1eeda h\u00e0ng\",\"item\":\"https:\/\/chocobakery.azdigi.shop\/?page_id=212\"},{\"@type\":\"ListItem\",\"position\":3,\"name\":\"C\u00e0 Ph\u00ea Specialty Colombia Huila Zarza Pink Bourbon Plus Washed\"}]},{\"@type\":\"WebSite\",\"@id\":\"https:\/\/chocobakery.azdigi.shop\/#website\",\"url\":\"https:\/\/chocobakery.azdigi.shop\/\",\"name\":\"Vietnamesecoffee\",\"description\":\"\",\"potentialAction\":[{\"@type\":\"SearchAction\",\"target\":{\"@type\":\"EntryPoint\",\"urlTemplate\":\"https:\/\/chocobakery.azdigi.shop\/?s={search_term_string}\"},\"query-input\":{\"@type\":\"PropertyValueSpecification\",\"valueRequired\":true,\"valueName\":\"search_term_string\"}}],\"inLanguage\":\"vi\"}]}<\/script>\n<!-- \/ Yoast SEO plugin. -->","yoast_head_json":{"title":"C\u00e0 ph\u00ea Pink Bourbon Colombia \u2013 H\u01b0\u01a1ng \u0111\u00e0o, d\u00e2u v\u00e0 floral tinh t\u1ebf - Vietnamesecoffee","description":"C\u00e0 ph\u00ea Pink Bourbon Colombia t\u1eeb Huila v\u1edbi h\u01b0\u01a1ng peach, strawberry, floral v\u00e0 h\u1eadu v\u1ecb black tea. Rang light roast, s\u01a1 ch\u1ebf washed, chu\u1ea9n c\u00e0 ph\u00ea \u0111\u1eb7c s\u1ea3n.","robots":{"index":"index","follow":"follow","max-snippet":"max-snippet:-1","max-image-preview":"max-image-preview:large","max-video-preview":"max-video-preview:-1"},"canonical":"https:\/\/chocobakery.azdigi.shop\/?product=ca-phe-pink-bourbon-colombia","og_locale":"vi_VN","og_type":"article","og_title":"C\u00e0 ph\u00ea Pink Bourbon Colombia \u2013 H\u01b0\u01a1ng \u0111\u00e0o, d\u00e2u v\u00e0 floral tinh t\u1ebf - Vietnamesecoffee","og_description":"C\u00e0 ph\u00ea Pink Bourbon Colombia t\u1eeb Huila v\u1edbi h\u01b0\u01a1ng peach, strawberry, floral v\u00e0 h\u1eadu v\u1ecb black tea. Rang light roast, s\u01a1 ch\u1ebf washed, chu\u1ea9n c\u00e0 ph\u00ea \u0111\u1eb7c s\u1ea3n.","og_url":"https:\/\/chocobakery.azdigi.shop\/?product=ca-phe-pink-bourbon-colombia","og_site_name":"Vietnamesecoffee","article_modified_time":"2026-04-18T05:31:20+00:00","og_image":[{"width":800,"height":800,"url":"https:\/\/chocobakery.azdigi.shop\/wp-content\/uploads\/2026\/04\/clbcf.jpg","type":"image\/jpeg"}],"twitter_card":"summary_large_image","twitter_misc":{"\u01af\u1edbc t\u00ednh th\u1eddi gian \u0111\u1ecdc":"2 ph\u00fat"},"schema":{"@context":"https:\/\/schema.org","@graph":[{"@type":"WebPage","@id":"https:\/\/chocobakery.azdigi.shop\/?product=ca-phe-pink-bourbon-colombia","url":"https:\/\/chocobakery.azdigi.shop\/?product=ca-phe-pink-bourbon-colombia","name":"C\u00e0 ph\u00ea Pink Bourbon Colombia \u2013 H\u01b0\u01a1ng \u0111\u00e0o, d\u00e2u v\u00e0 floral tinh t\u1ebf - Vietnamesecoffee","isPartOf":{"@id":"https:\/\/chocobakery.azdigi.shop\/#website"},"primaryImageOfPage":{"@id":"https:\/\/chocobakery.azdigi.shop\/?product=ca-phe-pink-bourbon-colombia#primaryimage"},"image":{"@id":"https:\/\/chocobakery.azdigi.shop\/?product=ca-phe-pink-bourbon-colombia#primaryimage"},"thumbnailUrl":"https:\/\/chocobakery.azdigi.shop\/wp-content\/uploads\/2026\/04\/clbcf.jpg","datePublished":"2026-04-17T17:22:00+00:00","dateModified":"2026-04-18T05:31:20+00:00","description":"C\u00e0 ph\u00ea Pink Bourbon Colombia t\u1eeb Huila v\u1edbi h\u01b0\u01a1ng peach, strawberry, floral v\u00e0 h\u1eadu v\u1ecb black tea. Rang light roast, s\u01a1 ch\u1ebf washed, chu\u1ea9n c\u00e0 ph\u00ea \u0111\u1eb7c s\u1ea3n.","breadcrumb":{"@id":"https:\/\/chocobakery.azdigi.shop\/?product=ca-phe-pink-bourbon-colombia#breadcrumb"},"inLanguage":"vi","potentialAction":[{"@type":"ReadAction","target":["https:\/\/chocobakery.azdigi.shop\/?product=ca-phe-pink-bourbon-colombia"]}]},{"@type":"ImageObject","inLanguage":"vi","@id":"https:\/\/chocobakery.azdigi.shop\/?product=ca-phe-pink-bourbon-colombia#primaryimage","url":"https:\/\/chocobakery.azdigi.shop\/wp-content\/uploads\/2026\/04\/clbcf.jpg","contentUrl":"https:\/\/chocobakery.azdigi.shop\/wp-content\/uploads\/2026\/04\/clbcf.jpg","width":800,"height":800},{"@type":"BreadcrumbList","@id":"https:\/\/chocobakery.azdigi.shop\/?product=ca-phe-pink-bourbon-colombia#breadcrumb","itemListElement":[{"@type":"ListItem","position":1,"name":"Trang ch\u1ee7","item":"https:\/\/chocobakery.azdigi.shop\/"},{"@type":"ListItem","position":2,"name":"C\u1eeda h\u00e0ng","item":"https:\/\/chocobakery.azdigi.shop\/?page_id=212"},{"@type":"ListItem","position":3,"name":"C\u00e0 Ph\u00ea Specialty Colombia Huila Zarza Pink Bourbon Plus Washed"}]},{"@type":"WebSite","@id":"https:\/\/chocobakery.azdigi.shop\/#website","url":"https:\/\/chocobakery.azdigi.shop\/","name":"Vietnamesecoffee","description":"","potentialAction":[{"@type":"SearchAction","target":{"@type":"EntryPoint","urlTemplate":"https:\/\/chocobakery.azdigi.shop\/?s={search_term_string}"},"query-input":{"@type":"PropertyValueSpecification","valueRequired":true,"valueName":"search_term_string"}}],"inLanguage":"vi"}]}},"_links":{"self":[{"href":"https:\/\/chocobakery.azdigi.shop\/index.php?rest_route=\/wp\/v2\/product\/455","targetHints":{"allow":["GET"]}}],"collection":[{"href":"https:\/\/chocobakery.azdigi.shop\/index.php?rest_route=\/wp\/v2\/product"}],"about":[{"href":"https:\/\/chocobakery.azdigi.shop\/index.php?rest_route=\/wp\/v2\/types\/product"}],"replies":[{"embeddable":true,"href":"https:\/\/chocobakery.azdigi.shop\/index.php?rest_route=%2Fwp%2Fv2%2Fcomments&post=455"}],"wp:featuredmedia":[{"embeddable":true,"href":"https:\/\/chocobakery.azdigi.shop\/index.php?rest_route=\/wp\/v2\/media\/457"}],"wp:attachment":[{"href":"https:\/\/chocobakery.azdigi.shop\/index.php?rest_route=%2Fwp%2Fv2%2Fmedia&parent=455"}],"wp:term":[{"taxonomy":"product_brand","embeddable":true,"href":"https:\/\/chocobakery.azdigi.shop\/index.php?rest_route=%2Fwp%2Fv2%2Fproduct_brand&post=455"},{"taxonomy":"product_cat","embeddable":true,"href":"https:\/\/chocobakery.azdigi.shop\/index.php?rest_route=%2Fwp%2Fv2%2Fproduct_cat&post=455"},{"taxonomy":"product_tag","embeddable":true,"href":"https:\/\/chocobakery.azdigi.shop\/index.php?rest_route=%2Fwp%2Fv2%2Fproduct_tag&post=455"}],"curies":[{"name":"wp","href":"https:\/\/api.w.org\/{rel}","templated":true}]}}